{"id":96,"date":"2019-07-02T17:48:57","date_gmt":"2019-07-02T15:48:57","guid":{"rendered":"https:\/\/www.airmate.aero\/shop\/?post_type=product&#038;p=96"},"modified":"2023-03-25T08:56:54","modified_gmt":"2023-03-25T07:56:54","slug":"cartes-daerodromes-vfr-suisse-skyguide-2","status":"publish","type":"product","link":"https:\/\/www.airmate.aero\/shop\/?product=cartes-daerodromes-vfr-suisse-skyguide-2&lang=fr","title":{"rendered":"Suisse: Cartes d\u2019a\u00e9rodromes VFR Skyguide"},"content":{"rendered":"Cet abonnement vous permet de visualiser, t\u00e9l\u00e9charger et imprimer les cartes VFR des a\u00e9rodromes suisses, \u00e9dit\u00e9es par Skyguide. Il est valable pendant un an \u00e0 partir de la date de l\u2019achat. Vous pouvez acc\u00e9der aux cartes d\u2019a\u00e9rodromes Skyguide \u00e0 partir de n\u2019importe quel \u00e9quipement Android ou iOS associ\u00e9 \u00e0 votre compte Airmate.","protected":false},"excerpt":{"rendered":"Cet abonnement annuel vous permet de visualiser, t\u00e9l\u00e9charger et imprimer les cartes VFR des a\u00e9rodromes suisses, \u00e9dit\u00e9es par Skyguide","protected":false},"featured_media":214,"template":"","meta":[],"product_cat":[66],"product_tag":[],"_links":{"self":[{"href":"https:\/\/www.airmate.aero\/shop\/index.php?rest_route=\/wp\/v2\/product\/96"}],"collection":[{"href":"https:\/\/www.airmate.aero\/shop\/index.php?rest_route=\/wp\/v2\/product"}],"about":[{"href":"https:\/\/www.airmate.aero\/shop\/index.php?rest_route=\/wp\/v2\/types\/product"}],"wp:featuredmedia":[{"embeddable":true,"href":"https:\/\/www.airmate.aero\/shop\/index.php?rest_route=\/wp\/v2\/media\/214"}],"wp:attachment":[{"href":"https:\/\/www.airmate.aero\/shop\/index.php?rest_route=%2Fwp%2Fv2%2Fmedia&parent=96"}],"wp:term":[{"taxonomy":"product_cat","embeddable":true,"href":"https:\/\/www.airmate.aero\/shop\/index.php?rest_route=%2Fwp%2Fv2%2Fproduct_cat&post=96"},{"taxonomy":"product_tag","embeddable":true,"href":"https:\/\/www.airmate.aero\/shop\/index.php?rest_route=%2Fwp%2Fv2%2Fproduct_tag&post=96"}],"curies":[{"name":"wp","href":"https:\/\/api.w.org\/{rel}","templated":true}]}}