{"id":1927,"date":"2024-02-19T14:39:21","date_gmt":"2024-02-19T13:39:21","guid":{"rendered":"https:\/\/www.airmate.aero\/shop\/?post_type=product&#038;p=1927"},"modified":"2024-03-11T23:33:09","modified_gmt":"2024-03-11T22:33:09","slug":"airmate-professionnel-efb","status":"publish","type":"product","link":"https:\/\/www.airmate.aero\/shop\/?product=airmate-professionnel-efb&lang=fr","title":{"rendered":"Airmate Professionnel EFB"},"content":{"rendered":"L&rsquo;option Airmate Professionnel EFB est destin\u00e9 aux compagnies a\u00e9riennes et op\u00e9rateurs. Cet abonnement annuel d\u00e9bloque les fonctions suivantes:\r\n<ul>\r\n\t<li>interface utilisateur configurable par l&rsquo;op\u00e9rateur pour tous les EFBs de sa flotte, afin de n&rsquo;activer que les fonctions n\u00e9cessaires au pilote dans l&rsquo;environnement de la compagnie. Cela aide \u00e0 la mise en conformit\u00e9 avec les exigences de l&rsquo;autorit\u00e9 lors de la demande d&rsquo;approbation de l&rsquo;EFB.<\/li>\r\n\t<li>acc\u00e8s \u00e0 toutes les donn\u00e9es AIP (incluant les pages GEN, ENR et AD) dans plus de 200 pays.<\/li>\r\n\t<li>outil de t\u00e9l\u00e9chargement \u00e0 haute performance permettant le chargement automatis\u00e9 de toutes les cartes d&rsquo;a\u00e9roport dans un pays, avec un contr\u00f4le d&rsquo;int\u00e9grit\u00e9 pouss\u00e9.<\/li>\r\n\t<li>nombre illimit\u00e9 de vols planifi\u00e9s<\/li>\r\n\t<li>permet le t\u00e9l\u00e9chargement en une seule op\u00e9ration de cartes a\u00e9ronautiques IFR ou VFR \u00e0 l&rsquo;\u00e9chelle d&rsquo;un continent, incluant l&rsquo;affichage gratuit de cartes Airmate payantes.<\/li>\r\n\t<li>mises \u00e0 jour automatiques de donn\u00e9es<\/li>\r\n<\/ul>\r\nCet abonnement inclut un support de base pour un utilisateur. Des options de support avanc\u00e9s ainsi que des tarifs group\u00e9s pour une flotte sont disponibles, consulter notre service commercial.","protected":false},"excerpt":{"rendered":"Airmate Professionnel EFB","protected":false},"featured_media":1967,"template":"","meta":[],"product_cat":[17],"product_tag":[],"_links":{"self":[{"href":"https:\/\/www.airmate.aero\/shop\/index.php?rest_route=\/wp\/v2\/product\/1927"}],"collection":[{"href":"https:\/\/www.airmate.aero\/shop\/index.php?rest_route=\/wp\/v2\/product"}],"about":[{"href":"https:\/\/www.airmate.aero\/shop\/index.php?rest_route=\/wp\/v2\/types\/product"}],"wp:featuredmedia":[{"embeddable":true,"href":"https:\/\/www.airmate.aero\/shop\/index.php?rest_route=\/wp\/v2\/media\/1967"}],"wp:attachment":[{"href":"https:\/\/www.airmate.aero\/shop\/index.php?rest_route=%2Fwp%2Fv2%2Fmedia&parent=1927"}],"wp:term":[{"taxonomy":"product_cat","embeddable":true,"href":"https:\/\/www.airmate.aero\/shop\/index.php?rest_route=%2Fwp%2Fv2%2Fproduct_cat&post=1927"},{"taxonomy":"product_tag","embeddable":true,"href":"https:\/\/www.airmate.aero\/shop\/index.php?rest_route=%2Fwp%2Fv2%2Fproduct_tag&post=1927"}],"curies":[{"name":"wp","href":"https:\/\/api.w.org\/{rel}","templated":true}]}}