{"id":191,"date":"2019-07-08T12:51:42","date_gmt":"2019-07-08T10:51:42","guid":{"rendered":"https:\/\/www.airmate.aero\/shop\/?post_type=product&#038;p=191"},"modified":"2025-05-11T10:11:31","modified_gmt":"2025-05-11T08:11:31","slug":"air-million-allemagne-vfr-2019-package-carte-papier-digital","status":"publish","type":"product","link":"https:\/\/www.airmate.aero\/shop\/?product=air-million-allemagne-vfr-2019-package-carte-papier-digital&lang=fr","title":{"rendered":"Allemagne\/Europe Centrale Air Million VFR 2025 package carte papier + digital"},"content":{"rendered":"Package comprenant la carte papier Air Million Europe Centrale 2025, ainsi que sa version digitale pour votre app Airmate. La carte Air Million Europe Centrale inclut l&rsquo;Allemagne, la R\u00e9publique Tch\u00e8que et une partie de l&rsquo;Autriche, du Danemark, des Pays-Bas, de la Pologne et de la Slovaquie. Vous pouvez t\u00e9l\u00e9charger et installer la carte digitale sur n\u2019importe quel \u00e9quipement iOS ou Android associ\u00e9 \u00e0 votre compte Airmate.","protected":false},"excerpt":{"rendered":"Package incluant la carte papier Air Million 2025 de l&rsquo;Europe Centrale (incluant l&rsquo;Allemagne), ainsi que sa version digitale pour Airmate.","protected":false},"featured_media":195,"template":"","meta":[],"product_cat":[51],"product_tag":[],"_links":{"self":[{"href":"https:\/\/www.airmate.aero\/shop\/index.php?rest_route=\/wp\/v2\/product\/191"}],"collection":[{"href":"https:\/\/www.airmate.aero\/shop\/index.php?rest_route=\/wp\/v2\/product"}],"about":[{"href":"https:\/\/www.airmate.aero\/shop\/index.php?rest_route=\/wp\/v2\/types\/product"}],"wp:featuredmedia":[{"embeddable":true,"href":"https:\/\/www.airmate.aero\/shop\/index.php?rest_route=\/wp\/v2\/media\/195"}],"wp:attachment":[{"href":"https:\/\/www.airmate.aero\/shop\/index.php?rest_route=%2Fwp%2Fv2%2Fmedia&parent=191"}],"wp:term":[{"taxonomy":"product_cat","embeddable":true,"href":"https:\/\/www.airmate.aero\/shop\/index.php?rest_route=%2Fwp%2Fv2%2Fproduct_cat&post=191"},{"taxonomy":"product_tag","embeddable":true,"href":"https:\/\/www.airmate.aero\/shop\/index.php?rest_route=%2Fwp%2Fv2%2Fproduct_tag&post=191"}],"curies":[{"name":"wp","href":"https:\/\/api.w.org\/{rel}","templated":true}]}}